 what is -4 - 147?
-151
In base 15, what is -14b + -1?
-14c
In base 7, what is -12 + -41?
-53
In base 15, what is 46 + 3?
49
In base 6, what is 3 + -111?
-104
In base 9, what is 1 - 112?
-111
In base 11, what is 869 - 2?
867
In base 5, what is -4 + -1213?
-1222
In base 16, what is -c3 + a?
-b9
In base 15, what is 102 - 1d?
d4
In base 16, what is -12 - -9?
-9
In base 9, what is -2 - 286?
-288
In base 16, what is 5 - 1e5?
-1e0
In base 15, what is -545 + -2?
-547
In base 10, what is 482 + 1?
483
In base 4, what is 12020 - -22?
12102
In base 9, what is -6 - -266?
260
In base 16, what is -2a - -99?
6f
In base 4, what is -130 + -10?
-200
In base 5, what is -4331 + 2?
-4324
In base 11, what is -2 + 30?
29
In base 10, what is 1 - 280?
-279
In base 14, what is 3 + 0?
3
In base 12, what is 0 + -219?
-219
In base 13, what is -7 + -99?
-a3
In base 9, what is -23112 - 2?
-23114
In base 5, what is 11 + -341?
-330
In base 13, what is -5 - -11?
9
In base 8, what is -466 + -5?
-473
In base 6, what is -102324 + 3?
-102321
In base 7, what is 34 - 520?
-453
In base 14, what is -2 - 15a?
-15c
In base 15, what is 640 + 4?
644
In base 11, what is -a1 + 4?
-98
In base 7, what is 45 - 36?
6
In base 3, what is -112202 + -1?
-112210
In base 5, what is 12 - 12?
0
In base 7, what is 6 - -5?
14
In base 4, what is -12 + -1331?
-2003
In base 9, what is 34 + 4?
38
In base 11, what is -4 - -a2?
99
In base 11, what is -5 + -205a?
-2064
In base 5, what is 4330 - 0?
4330
In base 14, what is 156 + -3?
153
In base 10, what is 21727 - -3?
21730
In base 8, what is 10250 + -2?
10246
In base 7, what is 5631 + -4?
5624
In base 16, what is 5 + 14a9?
14ae
In base 14, what is 2 - c6?
-c4
In base 7, what is 20 - -3?
23
In base 8, what is -4 + 216?
212
In base 7, what is -4 - -63?
56
In base 9, what is 3 - 4276?
-4273
In base 12, what is -3 + 15b4?
15b1
In base 11, what is -2 - -3?
1
In base 12, what is -47 - 31?
-78
In base 5, what is -4 + -1144?
-1203
In base 12, what is b - -7?
16
In base 10, what is -13 + -55?
-68
In base 12, what is 6b + 1?
70
In base 9, what is -22 + 14?
-7
In base 8, what is -3 + -454?
-457
In base 8, what is 30 + 363?
413
In base 5, what is 12 - -30?
42
In base 4, what is -3 + 20012?
20003
In base 4, what is -1111 + 1200?
23
In base 5, what is -23 + 2024?
2001
In base 4, what is -1 - -2211?
2210
In base 14, what is 118 + 4?
11c
In base 5, what is 1214 - 110?
1104
In base 4, what is -32 - 11?
-103
In base 6, what is 21 + 204?
225
In base 8, what is -2 - -1375?
1373
In base 4, what is 1022 + 1120?
2202
In base 3, what is 2 - 12022002?
-12022000
In base 12, what is 1 + 261?
262
In base 7, what is 253 - -2?
255
In base 7, what is 1134 - 0?
1134
In base 15, what is 1a - -10?
2a
In base 14, what is 5 + 1b?
22
In base 10, what is -1440 + 1?
-1439
In base 11, what is 15 + -50?
-36
In base 15, what is -489 - -4?
-485
In base 3, what is 0 + 22002222?
22002222
In base 15, what is 3d + -9?
34
In base 10, what is -261 - 13?
-274
In base 14, what is 5 - 810?
-809
In base 7, what is 13 - -515?
531
In base 9, what is 4 + -231?
-226
In base 16, what is -6cc - -2?
-6ca
In base 3, what is -11 + -2?
-20
In base 11, what is 3154 - -4?
3158
In base 7, what is 1 + -65?
-64
In base 6, what is -1443 + 2?
-1441
In base 10, what is 491 - 14?
477
In base 13, what is -4 - 922?
-926
In base 14, what is -2404 + -1?
-2405
In base 5, what is -244 + 4?
-240
In base 9, what is -120 - 1?
-121
In base 6, what is 50 - -43?
133
In base 14, what is -122 + -8?
-12a
In base 8, what is -7 + 42?
33
In base 16, what is 3ae + -2?
3ac
In base 4, what is 103110 + -11?
103033
In base 13, what is a - -40?
4a
In base 9, what is 22 + -50?
-27
In base 16, what is -5 - d8?
-dd
In base 10, what is -5 + 34?
29
In base 2, what is -11001 - 1100111?
-10000000
In base 7, what is 122 - -24?
146
In base 14, what is -4d60 - 4?
-4d64
In base 10, what is 936 + -6?
930
In base 16, what is -4 + 7?
3
In base 10, what is 1 + 124?
125
In base 11, what is -177 + 11?
-166
In base 11, what is 6 + -24?
-19
In base 15, what is 0 + -13?
-13
In base 5, what is 23433 - 2?
23431
In base 10, what is 194 + 1?
195
In base 14, what is 485 + -a?
479
In base 13, what is 4a93 + -3?
4a90
In base 7, what is -5631 + 1?
-5630
In base 15, what is 1b - -458?
474
In base 12, what is a13 - 5?
a0a
In base 5, what is -133404 - -10?
-133344
In base 16, what is 59 + -7?
52
In base 4, what is 112 + -100?
12
In base 7, what is -15430 - -3?
-15424
In base 9, what is 10 + -368?
-358
In base 7, what is -45124 + 3?
-45121
In base 13, what is 18 - 468?
-450
In base 11, what is 4 + -51?
-48
In base 12, what is 1075 - -3?
1078
In base 8, what is -7500 + 0?
-7500
In base 14, what is 0 + 55?
55
In base 3, what is -12 - 111222?
-112011
In base 2, what is 100001111 - -100?
100010011
In base 7, what is 2131 - -5?
2136
In base 9, what is 452 + 0?
452
In base 11, what is 1 + 136?
137
In base 5, what is 121 + -10?
111
In base 7, what is 14 - 1414?
-1400
In base 6, what is 1 - -531?
532
In base 2, what is -10 + 101011000?
101010110
In base 15, what is 1 - -111?
112
In base 7, what is 112 + 3?
115
In base 12, what is 7 - 154?
-149
In base 15, what is 1 + 5a?
5b
In base 14, what is -9 + 81?
76
In base 9, what is 4 - 580?
-575
In base 11, what is 5 + -797?
-792
In base 16, what is 25 + 4b?
70
In base 5, what is -303 + 1?
-302
In base 3, what is -10220 + -111?
-11101
In base 8, what is -3 + -2204?
-2207
In base 10, what is -5 + 2?
-3
In base 2, what is 1101 - 110010?
-100101
In base 13, what is -6 - -1011?
1008
In base 16, what is 7 - bf?
-b8
In base 8, what is -20523 + -2?
-20525
In base 4, what is 100 - -11212?
11312
In base 12, what is -6 - 21?
-27
In base 4, what is 11 - -120?
131
In base 10, what is -2 + 16?
14
In base 2, what is 11 - 101?
-10
In base 12, what is -4 + 15a?
156
In base 8, what is 3021 + -2?
3017
In base 16, what is -1b - 0?
-1b
In base 7, what is -514 - 5?
-522
In base 9, what is -35 + -17?
-53
In base 16, what is d9f + -3?
d9c
In base 7, what is 3415 - -2?
3420
In base 16, what is -58 + -12?
-6a
In base 7, what is 2245 + -4?
2241
In base 15, what is 1 - -76?
77
In base 11, what is -8 + 62?
55
In base 15, what is -7 - 10?
-17
In base 5, what is -3301 - 11?
-3312
In base 14, what is -5 + -14a?
-151
In base 8, what is -2 - 43?
-45
In base 6, what is 3 - 114?
-111
In base 13, what is 1b - -59?
77
In base 5, what is 10 + -1013?
-1003
In base 15, what is -1 - 136?
-137
In base 3, what is -2222 - 2?
-10001
In base 13, what is 1 - 283?
-282
In base 11, what is -4 - 141?
-145
In base 16, what is -123 - 4?
-127
In base 12, what is 18 - 54?
-38
In base 12, what is 12 + 11a?
130
In base 3, what is 2 - -11211?
11220
In base 5, what is 24 - -234?
313
In base 15, what is 1 - 28?
-27
In base 13, what is 1 - 34?
-33
In base 12, what is 18 - -16?
32
In base 14, what is 10 + -45?
-35
In base 7, what is 4146 + 2?
4151
In base 4, what is -11 - 133?
-210
In base 3, what is -212212 - -2?
-212210
In base 12, what is -4 - -1174?
1170
In base 2, what is 101011100100 + -101?
101011011111
In base 4, what is 1 - -1320?
1321
In base 2, what is -1101101 + 101?
-1101000
In base 2, what is -100011101 - 100?
-100100001
In base 5, what is -10 - -10213?
10203
In base 4, what is 11323 + -11?
11312
In base 10, what is -4 - 1566?
-1570
In base 10, what is -17 + -3?
-20
In base 2, what is -11000001 - 1?
-11000010
In base 4, what is 3 - 321?
-312
In base 5, what is -4 - 12420?
-12424
In base 6, what is -122051 - -1?
-122050
In base 11, what is -13 - 491?
-4a4
In base 7, what is -112 - 2?
-114
In base 8, what is -543 - -3?
-540
In base 7, what is 2 - 4?
-2
In base 5, what is 1 + 12342?
12343
In base 12, what is 3 + -456?
-453
In base 5, what is -4322 + -2?
-4324
In base 13, what is 6 - -40?
46
In base 2, what is -110111 + 101?
-110010
In base 16, what is 21 + -8?
19
In base 7, what is 2 - 145?
-143
In base 4, what is 10 - -3331?
10001
In base 7, what is -12114 - 0?
-12114
In base 8, what is 101 + -1?
100
In base 9, what is 16 - -1?
17
In base 10, what is 3126 + 5?
3131
In base 4, what is 1 + -1201?
-1200
In base 13, what is -65c + 5?
-657
In base 12, what is -3 + 7?
4
In base 12, what is -97 + 4?
-93
In base 11, what is -11 + -6?
-17
In base 8, what is 24 + 12?
36
In base 9, what is 4 + -82?
-77
In 